
Is 5471 prime?
True
Is 865153 a prime number?
True
Is 11579 a prime number?
True
Is 49103 a composite number?
False
Is 389353 a prime number?
False
Is 27287 a composite number?
True
Is 138783 prime?
False
Is 1779 prime?
False
Is 2521 a composite number?
False
Is 228127 prime?
True
Is 194617 a composite number?
True
Is 161503 a prime number?
True
Is 249721 composite?
False
Is 65899 prime?
True
Is 22877 composite?
False
Is 418169 prime?
True
Is 23137 a composite number?
True
Is 6761 a prime number?
True
Is 59611 prime?
True
Is 583 composite?
True
Is 26339 prime?
True
Is 80741 composite?
True
Is 877 prime?
True
Is 223 prime?
True
Is 12509 a prime number?
False
Is 517991 composite?
False
Is 368855 a prime number?
False
Is 2191883 composite?
False
Is 65647 a prime number?
True
Is 2574289 a prime number?
True
Is 167963 prime?
False
Is 10391 composite?
False
Is 40559 composite?
False
Is 73211 a composite number?
True
Is 3085 prime?
False
Is 18355 a composite number?
True
Is 4981 prime?
False
Is 7493 a composite number?
True
Is 52837 a prime number?
True
Is 9731 a prime number?
False
Is 31877 a composite number?
True
Is 2133307 composite?
True
Is 2072087 a composite number?
False
Is 757313 a composite number?
True
Is 18247 prime?
False
Is 9811 a composite number?
False
Is 191435 composite?
True
Is 979743 prime?
False
Is 345869 prime?
True
Is 133919 composite?
False
Is 771713 prime?
False
Is 41333 composite?
False
Is 472751 composite?
False
Is 25973 composite?
True
Is 2183 prime?
False
Is 26921 a prime number?
True
Is 80363 a composite number?
False
Is 8767 a prime number?
False
Is 924799 a composite number?
True
Is 67701 prime?
False
Is 9839 composite?
False
Is 64741 composite?
True
Is 54935 prime?
False
Is 6823 prime?
True
Is 5873 a composite number?
True
Is 59441 prime?
True
Is 18169 a composite number?
False
Is 30643 a prime number?
True
Is 39191 composite?
False
Is 583 prime?
False
Is 77635 a prime number?
False
Is 22 a prime number?
False
Is 54037 composite?
False
Is 548827 a composite number?
False
Is 1973813 prime?
True
Is 19151 a prime number?
False
Is 1655 a composite number?
True
Is 20005 a prime number?
False
Is 65647 a prime number?
True
Is 13989 prime?
False
Is 348191 a composite number?
False
Is 1949 prime?
True
Is 315743 composite?
False
Is 7993 a composite number?
False
Is 314077 a prime number?
True
Is 5411 composite?
True
Is 11369 a prime number?
True
Is 7379 composite?
True
Is 2747933 prime?
False
Is 526901 a composite number?
True
Is 1559 a composite number?
False
Is 663323 a prime number?
False
Is 272659 composite?
False
Is 2551 a composite number?
False
Is 57079 composite?
True
Is 1069 a composite number?
False
Is 10099 a prime number?
True
Is 198479 a prime number?
True
Is 27239 a composite number?
False
Is 166507 composite?
True
Is 949381 a prime number?
True
Is 6163 prime?
True
Is 7403 a prime number?
False
Is 27941 a prime number?
True
Is 272185 composite?
True
Is 207073 a prime number?
True
Is 824029 a composite number?
False
Is 281321 prime?
True
Is 371641 a prime number?
False
Is 529495 composite?
True
Is 235157 a prime number?
False
Is 683651 composite?
False
Is 50453 a composite number?
True
Is 26237 a prime number?
True
Is 244345 prime?
False
Is 65479 a composite number?
False
Is 7283 a composite number?
False
Is 167747 a composite number?
False
Is 116149 a prime number?
False
Is 2935 a composite number?
True
Is 2071523 a prime number?
False
Is 4327 prime?
True
Is 1538587 a prime number?
True
Is 36833 a prime number?
True
Is 29123 prime?
True
Is 440227 prime?
True
Is 75799 a composite number?
True
Is 803 a composite number?
True
Is 21701 prime?
True
Is 650449 prime?
True
Is 298867 a prime number?
False
Is 98639 composite?
False
Is 96143 prime?
False
Is 2292529 a prime number?
True
Is 653369 composite?
True
Is 310207 a prime number?
False
Is 241957 composite?
True
Is 338563 a composite number?
False
Is 109873 a composite number?
False
Is 3551 a prime number?
False
Is 17729 composite?
False
Is 139333 a prime number?
True
Is 2179 a composite number?
False
Is 72613 prime?
True
Is 1898179 a prime number?
True
Is 535855 a prime number?
False
Is 59434 a prime number?
False
Is 319 a composite number?
True
Is 6469 composite?
False
Is 1580203 prime?
True
Is 5737 prime?
True
Is 4121 a prime number?
False
Is 46253 prime?
False
Is 14699 prime?
True
Is 63901 a prime number?
True
Is 29819 composite?
False
Is 23099 a prime number?
True
Is 315803 a composite number?
False
Is 6127 prime?
False
Is 128633 a composite number?
True
Is 11369 prime?
True
Is 9057 a composite number?
True
Is 23755 prime?
False
Is 269461 composite?
False
Is 2960497 composite?
True
Is 144203 prime?
True
Is 717031 composite?
True
Is 36483 composite?
True
Is 4507 prime?
True
Is 373753 composite?
False
Is 62401 a composite number?
False
Is 295663 a composite number?
False
Is 177 a prime number?
False
Is 12981 composite?
True
Is 2153 prime?
True
Is 99227 a composite number?
True
Is 313471 prime?
True
Is 860239 composite?
False
Is 5381 a prime number?
True
Is 7451 prime?
True
Is 5981 composite?
False
Is 118 prime?
False
Is 57521 prime?
False
Is 212871 a prime number?
False
Is 165653 a composite number?
False
Is 19739 composite?
False
Is 14143 a prime number?
True
Is 703 a composite number?
True
Is 81431 a composite number?
True
Is 9239 prime?
True
Is 793537 a composite number?
False
Is 18211 prime?
True
Is 36289 prime?
False
Is 93185 a prime number?
False
Is 217477 prime?
False
Is 88081 a prime number?
False
Is 9803 composite?
False
Is 1248287 prime?
False
Is 121829 a prime number?
False
Is 8983 a prime number?
False
Is 819977 a prime number?
True
Is 13549 a prime number?
False
Is 3639 composite?
True
Is 124646 prime?
False
Is 116479 a composite number?
True
Is 27947 a composite number?
False
Is 121721 composite?
False
Is 239779 a prime number?
True
Is 220127 a composite number?
True
Is 22199 composite?
True
Is 182387 prime?
True
Is 27673 prime?
True
Is 7655 a prime number?
False
Is 1035422 a prime number?
False
Is 232529 a composite number?
True
Is 7319 composite?
True
Is 9049 prime?
True
Is 13063 a composite number?
False
Is 32629 a prime number?
False
Is 30389 composite?
False
Is 523115 a prime number?
False
Is 372257 a composite number?
True
Is 27721 a prime number?
False
Is 207803 a prime number?
False
Is 241771 prime?
True
Is 210607 composite?
True
Is 34027 composite?
True
Is 67701 a prime number?
False
Is 16753 a prime number?
False
Is 1886917 a prime number?
True
Is 525689 prime?
False
Is 2842127 composite?
False
Is 1308061 a prime number?
False
Is 7159 composite?
False
Is 217619 composite?
False
Is 670669 prime?
True
Is 49523 a composite number?
False
Is 4819 a composite number?
True
Is 8861 a composite number?
False
Is 647 composite?
False
Is 5937889 a composite number?
False
Is 561521 a prime number?
True
Is 85889 a prime number?
True
Is 27059 composite?
False
Is 12659 a composite number?
False
Is 1594 a composite number?
True
Is 62297 prime?
True
Is 642769 composite?
False
Is 47987 composite?
True
Is 1620229 composite?
True
Is 2925249 prime?
False
Is 71527 a prime number?
True
Is 947119 a composite number?
False
Is 147449 a composite number?
False
Is 80897 prime?
True
Is 761521 prime?
True
Is 937 prime?
True
Is 4486 prime?
False
Is 3024311 a composite number?
False
Is 558127 a prime number?
False
Is 335833 composite?
False
Is 253 a composite number?
True
Is 91 a prime number?
False
Is 53111 composite?
True
Is 14107 prime?
True
Is 645233 composite?
False
Is 49681 a prime number?
True
Is 100129 prime?
True
Is 14213 composite?
True
Is 185 a composite number?
True
Is 4799 composite?
False
Is 3827 a composite number?
True
Is 1087 prime?
True
Is 958105 composite?
True
Is 102385 composite?
True
Is 62459 prime?
True
Is 249367 a composite number?
False
Is 1597 composite?
False
Is 4051 a prime number?
True
Is 1838755 prime?
False
Is 16537 composite?
True
Is 30343 a prime number?
False
Is 125833 a composite number?
True
Is 973 a prime number?
False
Is 1623 a prime number?
False
Is 67819 composite?
False
Is 83207 a composite number?
False
Is 9745 prime?
False
Is 26 a prime number?
False
Is 73093 a prime number?
False
Is 268067 prime?
False
Is 1013501 prime?
True
